*p + 8. Let h be w(-8). Suppose -6*f + 2*f + 100 = h. Let x = 47 - f. List the prime factors of x.
2, 11
Suppose z - 11*q = -8*q + 2314, -3*q = -5*z + 11570. List the prime factors of z.
2, 13, 89
Suppose -25*m - 59572 + 211197 = 0. List the prime factors of m.
5, 1213
Suppose -20*h - 14*h + 25670 = 0. List the prime factors of h.
5, 151
Suppose -i = 3*p - 3, 8*p - 15 = 3*p. Let t = 4 + i. List the prime factors of ((-7)/14)/(t/36).
3
Let s = -335 - -200. Let j = -69 - s. What are the prime factors of j?
2, 3, 11
Suppose -69 = 4*h - 21. Let z be (-3)/h - (-388)/(-16). List the prime factors of (z/(-10))/((-5)/(-25)).
2, 3
Let s(r) = -1873*r - 110. List the prime factors of s(-2).
2, 3, 101
Suppose 2775 = 5*g - 108*v + 106*v, g - 537 = 4*v. List the prime factors of g.
557
Let f(q) = 169*q**2 + 17*q + 65. What are the prime factors of f(-4)?
37, 73
Let s(k) = 118*k**2 - 4*k - 4. List the prime factors of s(-1).
2, 59
Let a = 1504 - 531. What are the prime factors of a?
7, 139
List the prime factors of (-248420)/(-100) + 3 + (-11)/5.
5, 7, 71
Let k = 51 - 37. Suppose -i = -62 + k. Suppose r - i = 3. List the prime factors of r.
3, 17
Suppose -a + 6633 = 4*s, 3*s + a + 2*a = 4986. What are the prime factors of s?
1657
Let f(l) = -3*l - l - 5*l + l**2. Suppose -3*p + 39 = 9. What are the prime factors of f(p)?
2, 5
List the prime factors of -1 + 578 - (0 + 1)*4.
3, 191
What are the prime factors of (-8)/(-16) - (1467/(-6) + 7)?
2, 7, 17
Let i be (-2)/(-3) + (-2)/3. Suppose 2*n + 107 - 321 = i. What are the prime factors of (-8)/20 - n/(-5)?
3, 7
List the prime factors of (-1)/6 + 36183/126.
7, 41
Suppose 4*o - 5*o = -18. Suppose -5*a + 2*m = -o, -2*a = -0*m + 2*m - 10. Let r(q) = q**3 - 2*q**2 - 4*q - 2. List the prime factors of r(a).
2, 7
Suppose 52*m - 23716 - 2544 = 0. List the prime factors of m.
5, 101
Let r = 0 + -2. Let m be ((-14)/5)/(r/10). Let n = -7 + m. What are the prime factors of n?
7
Suppose -40 = -19*v + 11*v. Suppose 0 = v*b - 1010 + 340. List the prime factors of b.
2, 67
Let o(t) = 27*t + 330. What are the prime factors of o(22)?
2, 3, 7, 11
Suppose 446 = -3*t + 467. List the prime factors of t.
7
Suppose 30 = 13*u - 7*u. Suppose u*f - 222 = -f. List the prime factors of f.
37
Let p(q) = 937*q**2 + 2. What are the prime factors of p(1)?
3, 313
Suppose -2*f - 2815 = -5*x, 2*f + 2*f = -2*x + 1150. Let y = x + -369. List the prime factors of (0 - -1)/(7/y).
2, 7
Suppose 3*f + 15 = 0, 0 = 5*v - 5*f + 5 - 0. Let i = 7 + v. What are the prime factors of 3 + i + 6/2?
7
Let v = -202 - -238. List the prime factors of v.
2, 3
Let c = 123 - 26. What are the prime factors of c?
97
Let z = -70 + 64. What are the prime factors of (1/z)/(11/572)*-9?
2, 3, 13
Let l = -658 + 1117. Let i = -324 + l. List the prime factors of i.
3, 5
What are the prime factors of 1 + 1541/4 - 2/8?
2, 193
Let o(x) = -78*x**3 - 5*x**2 - 7*x - 5. List the prime factors of o(-2).
613
Suppose 0 = -5*z - 152 + 1427. What are the prime factors of z?
3, 5, 17
What are the prime factors of (-1 + -129)*2/(-4)?
5, 13
Suppose -16 = 4*d, 331 = 3*t + 2*t - 4*d. Let r = -130 + t. Let z = -47 - r. What are the prime factors of z?
2, 5
List the prime factors of 1203 + 1 - (1 + 2 + -4).
5, 241
Let u = -5 + 25. What are the prime factors of (70/25)/(2/u)?
2, 7
Let q be 100/(-30) - 2/(-6). Let k(g) = -g**3 + 3*g**2 + 3*g. List the prime factors of k(q).
3, 5
Let o(m) = 2*m - 16. Let r be o(9). Suppose -r*q + 2*h = 102 - 334, 459 = 4*q + h. List the prime factors of q.
5, 23
Suppose -10*p + 219 = -1011. What are the prime factors of p?
3, 41
List the prime factors of 1581 - (7/(-1) + 8).
2, 5, 79
Suppose z = 3*q + 8, 3*q + 8 + 4 = -3*z. List the prime factors of -2 + z - (-6 - (40 - -6)).
7
Suppose -4*i + 3*w = 17 - 128, -i + 2*w + 34 = 0. Let k be i/9 - (-6)/(-9). Suppose -2*n + 38 = -6*o + k*o, -n + 17 = -o. List the prime factors of n.
3, 5
Let v = -14 + 18. Let s be v/(((-4)/(-4))/5). Suppose -s = -w - 4*g, 0*w - 3*w + 3*g = -45. List the prime factors of w.
2
Let j be 1 + -16 + (-1 - -2) - -1. What are the prime factors of (2 - 63/(-14))*(-1 - j)?
2, 3, 13
Suppose 9*l + 468 = -0. Let j = -17 - l. What are the prime factors of j?
5, 7
Suppose -4*c = -3*s - 2*s + 43, -3*s = 3*c - 15. Let p(v) = 2*v**2 - 6*v - 14. List the prime factors of p(s).
2, 3, 7
Suppose t + 114 = 3*t - 2*x, -2*t = -5*x - 99. Suppose -3*g - 2*k = -t, -g + 82 = 2*g - 2*k. List the prime factors of (-23)/(-2) - (-12)/g.
2, 3
Suppose 85*s - 68*s - 14705 = 0. List the prime factors of s.
5, 173
Suppose -s = t - 0*s, -3*t - 2*s + 2 = 0. Suppose 0 = t*i - 0*i - 10. Let y = 33 - i. What are the prime factors of y?
2, 7
Let p = -326 - -1204. List the prime factors of p.
2, 439
Suppose -30 = -k - 4. Suppose -21*o - 540 = -k*o. List the prime factors of o.
2, 3
Suppose -1380*d = -1381*d + 105. What are the prime factors of d?
3, 5, 7
Let i(n) = 2*n**3 - 3*n + 1. Let j be i(2). Suppose 5*x + 971 = 3*m + 17, 0 = 3*x - 2*m + 573. List the prime factors of (-2)/j - x/11.
17
Let q = 1459 + -1468. Let o(a) = a - 6. Let n(l) = l. Let t(d) = -3*n(d) - o(d). What are the prime factors of t(q)?
2, 3, 7
Let c = 328 - 158. List the prime factors of c.
2, 5, 17
Let j(p) = p**3 + 14*p**2 - p - 11. Let w be j(-14). Suppose 3*n = -w*b + 516, 5*b = 3*b - 8. List the prime factors of n.
2, 11
Let n(d) = -6*d - 7 - 10 - 14. What are the prime factors of n(-9)?
23
Let m(x) = x - 8. Let o be m(9). Let i be o - (-4 - (0 - 1)). Suppose i*b + 18 = 138. What are the prime factors of b?
2, 3, 5
Let a(t) = t - 7. Let s be a(7). Let h be (5 + -4)*(s + -1). What are the prime factors of h/(1/(-99)*3)?
3, 11
Let w be ((-12)/8)/((-1)/2). Suppose 2*i = w*u - 11, 2*i = -3*u + 2 + 17. Suppose 3*x - 10 = i*a - 1, a + 12 = 3*x. What are the prime factors of a?
3
Suppose -2*x + 10 = -4*b + 36, -5*x - 9 = -2*b. List the prime factors of b.
7
Let k(c) = -c**2 + 31*c + 73. Let l be k(33). Let g be (12/(-15))/((-2)/10). Suppose l*x - g*x - 15 = 0. List the prime factors of x.
5
Let y(w) = w**3 + 19*w**2 - 12*w - 6. Let v be y(-19). Suppose 0 = 4*d - 162 - v. List the prime factors of d.
2, 3
Suppose -15*f - 199 + 3499 = 0. List the prime factors of f.
2, 5, 11
Let i = 24 + -25. Let h be (i - 1)*6/4. What are the prime factors of h/5*(-30)/6?
3
Let n(p) = 9 + 6*p**2 - 1 + 86*p - 89*p. List the prime factors of n(6).
2, 103
Let t = 17 + -11. Let z = -2 + t. Suppose -z*q = -6*q + 32. List the prime factors of q.
2
Let v(x) = -924*x - 15. List the prime factors of v(-2).
3, 13, 47
Suppose -3*o + 93 + 234 = 0. Suppose 0*v + v - o = 0. List the prime factors of v.
109
Suppose -252 = p - 4*p. List the prime factors of (56/32)/(-1 + 87/p).
7
Let s = 716 - 426. List the prime factors of s.
2, 5, 29
Let d = -34 - -51. Let g(s) = 22*s**2 + 14*s - 2 + 6*s - d*s. What are the prime factors of g(1)?
23
Suppose 117 = 4*b + 3*a - 202, -5*a = -b + 97. Let i = 118 - b. What are the prime factors of i?
2, 3
Let i be (3768/48)/((-6)/(-4) - 1). Let s = -64 + i. List the prime factors of s.
3, 31
Let m = 1499 + 1026. What are the prime factors of m?
5, 101
Suppose 0 = -4*a - y - 4*y - 592, 5*y = 0. Let i = -85 - a. List the prime factors of i.
3, 7
Let i(g) = -g**3 + 25*g**2 - 31*g + 40. List the prime factors of i(23).
5, 7, 11
Let x(g) = g**3 + 6*g**2 - 9*g - 23. Suppose 5*y = -5*m + 3*y - 40, -14 = -m + 4*y. What are the prime factors of x(m)?
31
Let h be (-4)/(-14) + (-12)/(-7). Suppose 0*m + h*m = 0. Let a(w) = w**2 + w + 11. List the prime factors of a(m).
11
Let d(j) = -j**2 + 20*j - 9. Let t = 16 + 1. What are the prime factors of d(t)?
2, 3, 7
Suppose 4*t = -2*t + 12. Suppose t*h = -g + 32, -74 = -5*h + 5*g + 36. What are the prime factors of h?
2, 3
What are the prime factors of (-1)/(9/(-4986)) - (-3 - 2)?
13, 43
Let a = -45 - -71. Suppose a = 7*o + 5. Suppose -g = o*v - 42, -5*v = -3*g - 0*g + 126. List the prime factors of g.
2, 3, 7
Suppose 7*u - 10*u - 1683 = -3*c, -4*u = -4. List the prime factors of c.
2, 281
Let i(c) = 78*c**2 + 12*c - 27. List the prime factors of i(4).
3, 47
Let d(x) = 2*x**2 + 22*x + 22. Let w be d(-10). Suppose w*l + 41 = a + 5*l, 2*a = -2*l + 102. What are the prime factors of a?
2, 7
Let r(d) = -3888*d**3 - 9*d**2 - 9*d + 1. List the